s the thousands digit of p(j)?
1
Let d(g) = 53*g + 254. Let u be d(5). Let k = u - -1077. What is the hundreds digit of k?
5
Let n = 1917 - 1112. Let v = 1413 - n. What is the units digit of v?
8
What is the units digit of 815/115 + -7 + 260055/69?
9
Suppose -3*q + 126 = -10*q. Let b be (q/(-4))/(-1 - 1/(-2)). What is the units digit of (-1464)/b - 4/6?
2
Let k(m) = m**3 - 8*m**2 - 9*m. Let z be k(9). Suppose z = 4*w - 6*w + 38. What is the tens digit of w + -9 - 2/(-1 + -1)?
1
Suppose -131*b = -201*b + 151200. What is the tens digit of b?
6
Suppose -3*v = -3*d - 6, v - d + 6 = 4*v. Let f(s) = -s**2 + 4*s - 5. Let c be f(v). What is the tens digit of 60/((c/3)/(3/(-9)))?
6
Suppose 4*k - 5*t + 0 = -19, k + 7 = 2*t. Let u be ((-11)/22)/(k/(-622)). Let c = u - -500. What is the hundreds digit of c?
1
Let i(a) = 3*a + 2. Let g be i(1). Suppose -y - 88 = -g*y. Suppose 2*h - 218 = -k - y, 0 = -h - 2*k + 92. What is the units digit of h?
0
Suppose 2*i + 672 = 3*h + 7*i, 4*i - 669 = -3*h. Suppose -11*z + 298 = -h. What is the tens digit of z?
4
Let c(j) = -8*j - 4. Let n be c(-2). Let p be -1 + 1 + -11 + n. Let d(m) = 101*m**2 - 1. What is the tens digit of d(p)?
0
Suppose d = -3*f - 720, -2*f + d = -4*f - 481. Let w = -170 - f. Let m = 53 + w. What is the tens digit of m?
2
Suppose -17*p + 70 = -12*p. Suppose 0 = o + 4*l - 1314, -4*o = -11*l + p*l - 5204. What is the hundreds digit of o?
2
Let p be (453/12)/(-9 - (-481)/52). Let d be (-33)/(1 - (-2)/(-3)). Let j = d + p. What is the units digit of j?
2
Let z = 49583 - 17888. What is the hundreds digit of z?
6
Suppose 9*x = 12*x. Suppose -n + 3*n + 14 = x. Let k(a) = -a**3 - 8*a**2 - 7*a + 3. What is the units digit of k(n)?
3
Let c(b) = 30*b**2 - 3*b - 3. Let n be c(-3). Suppose 2*i + 20 = 2*k, -7*k + 8*k + 5*i + 20 = 0. Suppose n = k*t - 119. What is the units digit of t?
9
Suppose 22*j - 2046 = 20*j - 2*y, 4110 = 4*j - 5*y. Suppose -4*z = -2*d + 496, -4*z = -3*d + j - 289. What is the tens digit of d?
4
What is the units digit of 1/(((-88)/(-11))/57296*2)?
1
Let q = 168 - 200. Let v(s) = s**3 - 4*s**2 - 6*s + 6. Let g be v(5). What is the units digit of (-1417)/(-11) + q/(-176) - g?
8
Let k = -418 + 293. Suppose -2*j = -9*j + 14. What is the tens digit of (j + k/(-2))*(-4)/(-6)?
4
Let x = -27016 + 50204. Suppose 35*k - k = x. What is the hundreds digit of k?
6
Suppose 3*s + 2*u = 3995, 0 = 2*u + u + 15. Suppose 0 = -o - 4*o + s. What is the units digit of o?
7
Let t = 6 - -1. Let n(d) = 2*d**3 - 5*d**2 + 2*d + 11. Let g be n(4). Suppose t*u - 312 = -g. What is the units digit of u?
5
Suppose 3*g + 18 = 3*m, -2*g - 21 = -5*m - 3. Suppose -941 = -m*j + 229. What is the units digit of j?
5
Let r = 1064 - 669. Suppose -t + 5*b + 386 = 0, 4*b + r = t + 8*b. What is the hundreds digit of t?
3
Let j = -82 - -78. Let q(c) = c**2 + 7*c + 13. Let b be q(j). What is the tens digit of (651/63)/(b/12)?
2
Let f = 5572 - 2362. What is the thousands digit of f?
3
Suppose 3*b - 5*j + 9 + 7 = 0, -5*j = -5*b - 10. Suppose 2*x - b*p = -2*x + 44, -2*p + 78 = 5*x. What is the hundreds digit of 131/1 + (10 - x)?
1
Suppose 7*m + 18494 = 3*p, 5*p - 5*m - 24637 = p. What is the tens digit of p?
5
Let p be 9/(-12)*(-2)/3*6. Let s(f) = 9 + 0*f**2 + 2*f**2 - 5*f + p*f. What is the hundreds digit of s(-7)?
1
Let j be (-4)/26 - 708/(-39). Let t be 2/7 + (-2)/7. Suppose t = -5*i + j + 297. What is the tens digit of i?
6
Suppose 3*a = -3*y + 1185, 2*a + 3*y - 658 - 128 = 0. What is the tens digit of a?
9
Suppose 6*c - 15 = c. Let d(w) = -7*w**3 + 5 - 8 + 4*w**3 + 6*w**2 + 2*w + 2*w**c. What is the units digit of d(6)?
9
Suppose 3 = -2*w - 5*l, -w + 0*w + 21 = -5*l. Suppose w*a = -0*a + 1428. What is the hundreds digit of a?
2
Let b = -1058 + 1689. What is the hundreds digit of (-9)/15 + b*(-3)/(-5)?
3
Suppose 5*c - 46945 = -5*s, -15*c = -2*s - 11*c + 18772. What is the tens digit of s?
8
Suppose 22 + 41 = 9*q. Suppose 0 = 2*k - q*k + 3240. Suppose 4*b = -0*b + k. What is the units digit of b?
2
Let p(i) = 3*i**2 - 68*i + 3. Let u be p(23). Suppose 10259 = u*f - 1935. What is the units digit of f?
9
Let k be (-10846)/(-10) + (110/25 - 5). Let w = k + -603. What is the tens digit of w?
8
Let h be ((-3)/(-2) - (-8)/16) + 2. Let z be -1*3 + (148 - h). Suppose -4*l + l + z = 0. What is the tens digit of l?
4
Let x = 48 + -50. Let p be 96/(-16)*1/x. Suppose -p*m = 104 - 356. What is the units digit of m?
4
Let l(c) = 12*c**2 - 20*c - 4. Let z be l(-8). Let d = z + -656. What is the hundreds digit of d?
2
Suppose 0 = -2*h + 99 + 5. Suppose -q - q = -h. Suppose q = 31*g - 29*g. What is the tens digit of g?
1
Suppose -14 = -2*n - 6. Suppose -5*c = 5*s - 70, -39 = -n*s + 5*c + 8. Suppose -s*b = -9*b - 448. What is the hundreds digit of b?
1
Let q = 13 + -7. What is the units digit of (-1 + q)*(-9 + 10)?
5
Let t = 76 + -46. Let k = t + -34. What is the tens digit of (-6 + 4)*166/k?
8
Let h(r) = r**2 + 15*r + 48. Let s be h(-10). What is the units digit of 10*(6/s - (-1690)/50)?
8
Let w(d) = d**2 - d + 15. Let u be w(-4). Suppose -4*c = -13 - u. What is the tens digit of c?
1
Suppose -116*n = 108*n - 8199744. What is the thousands digit of n?
6
Let w(g) = 3238*g - 397. What is the thousands digit of w(1)?
2
Let x(j) = -j**2 + 14*j + 10. Let m be x(13). Let y(f) = -24*f**3 + f**2 + f - 2. Let c be y(1). What is the units digit of c*(2 + m/(-8))*2?
2
Suppose 9 = a + 4*g - 4, 3*a = -g + 17. Suppose -q = a*f - 17, 4*q - 36 = -2*f - 4. What is the tens digit of 15/(2 - q) + 85*1?
8
Suppose 7*t - 12920 = 2*t + 5*f, -7*t = f - 18048. What is the thousands digit of t?
2
Suppose 3*p - 72334 = 4*q, -67*q + 62*q - 120560 = -5*p. What is the units digit of p?
4
Suppose -3*b - d = -12, b = 4*d - 6*d + 4. Suppose -o - 2*z + 161 = 0, z - 1026 + 403 = -b*o. Suppose -115*h - o = -116*h. What is the tens digit of h?
5
Let h = -312 + 337. Suppose h*k - 16*k - 2844 = 0. What is the units digit of k?
6
Let d(w) = 78*w**2 - 219*w + 8. What is the thousands digit of d(15)?
4
Suppose 5*j + 8 = 7*j. Let y be ((-16)/j)/1 - -143. Suppose -11*t + y = -169. What is the units digit of t?
8
Let g = -4303 - -12621. What is the thousands digit of g?
8
Suppose 41*f - 178 - 273 = 0. Suppose 0 = -3*j + 5*w + 4968, 9*w + 1656 = j + f*w. What is the units digit of j?
6
Let a(x) = 5 + 7 + 43*x - 9. Let o be a(2). Let l = o - 62. What is the units digit of l?
7
Suppose -2*c - 5*u = 6, -3*u = -2*c + 14 + 12. Suppose 2*v = 11 - c. What is the hundreds digit of (v + 0 + -54)*1*-2?
1
Let a = 53 + -72. Let f(q) = -q**2 - 20*q - 19. Let s be f(a). Suppose s*l = 2*l - 132. What is the units digit of l?
6
Let x(b) = 636*b - 766. What is the units digit of x(34)?
8
Let p be 1*-2*(4 - (-5 - -2)). Let s = p - -14. Suppose -4*t + 2*t + 274 = s. What is the units digit of t?
7
Suppose 0 = 4*s + 2*n - 2542, s = 2*s + n - 637. Suppose q + s = 4*a + a, -2*a + 5*q = -249. What is the tens digit of a?
2
Let l be 21/9 + 5/(-15). What is the units digit of (-12)/l*(-70)/60?
7
Suppose 5*z + 3*u = 14, 12 = 5*z + u + 3*u. Suppose -3*a = 4*n - 7, 0 = -5*a - z*n + n - 3. Let r(m) = 6*m**2 - m + 6. What is the units digit of r(a)?
3
Suppose 1811*l - 34370 = 1806*l. What is the thousands digit of l?
6
Suppose -30*x + 1599048 - 218494 = -339526. What is the units digit of x?
6
Let h(n) = 9502*n**3 + 4*n**2 - 6*n. What is the hundreds digit of h(1)?
5
Suppose o + o - 652 = 0. Let m be (56/(-42))/((-8)/18). Suppose m*r - 3*a = -a + 486, 2*a = 2*r - o. What is the hundreds digit of r?
1
Suppose -4*c - 5 + 25 = 0. Let a be c/50*4*5. Suppose -5*w - 2*y + 70 = 0, -a*w - 3*y - 6 = -34. What is the tens digit of w?
1
Suppose -q = -3*h - 292, 0 = 22*h - 18*h. Let u = -427 - -289. Let k = u + q. What is the tens digit of k?
5
Suppose 4*h - 5*x - 692 - 56 = 0, 0 = 4*h + x - 772. Suppose 0 = -7*a + 5*a + 4, -4*a - h = -5*v. What is the tens digit of v?
4
Let h = 93 + -102. What is the units digit of (h/(-5))/(3/185)?
1
Suppose 2*c - 3*a - 5 = 0, 2*c - 5*a - 20 = -3*c. Let j be (-242)/(-15) - (c + 515/(-75)). Suppose 4*d - j + 0 = 0. What is the units digit of d?
4
Let j be 78/8 - (-30)/(-40). Let u = j + 3. Suppose -275 - 1285 = -u*c. What is the hundreds digit of c?
1
Let x(a) = -a**2 - 12*a - 13. Let o be (-6)/9*(